{"id":38,"date":"2023-12-21T16:07:41","date_gmt":"2023-12-21T19:07:41","guid":{"rendered":"http:\/\/fateccotia.educacao.ws\/?page_id=38"},"modified":"2023-12-26T22:54:16","modified_gmt":"2023-12-27T01:54:16","slug":"graduacao","status":"publish","type":"page","link":"http:\/\/fateccotia.educacao.ws\/?page_id=38","title":{"rendered":"Gradua\u00e7\u00e3o"},"content":{"rendered":"\t\t<div data-elementor-type=\"wp-page\" data-elementor-id=\"38\" class=\"elementor elementor-38\">\n\t\t\t\t\t\t\t<div class=\"elementor-element elementor-element-4114624 e-flex e-con-boxed e-con e-parent\" data-id=\"4114624\" data-element_type=\"container\" data-settings=\"{&quot;content_width&quot;:&quot;boxed&quot;}\" data-core-v316-plus=\"true\">\n\t\t\t\t\t<div class=\"e-con-inner\">\n\t\t\t\t<div class=\"elementor-element elementor-element-899982e elementor-widget elementor-widget-text-editor\" data-id=\"899982e\" data-element_type=\"widget\" data-widget_type=\"text-editor.default\">\n\t\t\t\t<div class=\"elementor-widget-container\">\n\t\t\t<style>\/*! elementor - v3.18.0 - 20-12-2023 *\/\n.elementor-widget-text-editor.elementor-drop-cap-view-stacked .elementor-drop-cap{background-color:#69727d;color:#fff}.elementor-widget-text-editor.elementor-drop-cap-view-framed .elementor-drop-cap{color:#69727d;border:3px solid;background-color:transparent}.elementor-widget-text-editor:not(.elementor-drop-cap-view-default) .elementor-drop-cap{margin-top:8px}.elementor-widget-text-editor:not(.elementor-drop-cap-view-default) .elementor-drop-cap-letter{width:1em;height:1em}.elementor-widget-text-editor .elementor-drop-cap{float:left;text-align:center;line-height:1;font-size:50px}.elementor-widget-text-editor .elementor-drop-cap-letter{display:inline-block}<\/style>\t\t\t\t<h3 class=\"page-header\">Gest\u00e3o Empresarial<\/h3><p><strong>O que o profissional faz<\/strong>\u00a0O tecn\u00f3logo em Gest\u00e3o Empresarial atua no planejamento de atividades e recursos, na organiza\u00e7\u00e3o do trabalho e na gest\u00e3o de pessoas \u2013 quem \u00e9 respons\u00e1vel por determinada fun\u00e7\u00e3o, como deve ser o desempenho etc. Controla as atividades e monitora o cumprimento das tarefas. O profissional precisa ter a vis\u00e3o de uma empresa como um todo. Metade das micro e pequenas empresas do Estado de S\u00e3o Paulo s\u00e3o geridas por algu\u00e9m com n\u00edvel m\u00e9dio de ensino. Por sua forma\u00e7\u00e3o generalista, o tecn\u00f3logo em Gest\u00e3o Empresarial pode trabalhar nesse amplo mercado de modo a profissionalizar neg\u00f3cios.\u00a0<a href=\"http:\/\/fateccotia.educacao.ws\/?page_id=301\">Saiba mais \ud83e\udc6a<\/a><\/p><h3 class=\"page-header\">Gest\u00e3o da Produ\u00e7\u00e3o Industrial<\/h3><p><strong>O que o profissional faz<\/strong>\u00a0O tecn\u00f3logo em Gest\u00e3o da Produ\u00e7\u00e3o Industrial trabalha para melhorar a qualidade e a produtividade de uma ind\u00fastria, atuando no planejamento das atividades, no controle da produ\u00e7\u00e3o, na cria\u00e7\u00e3o e no teste de produtos. Pesquisa e identifica oportunidades de neg\u00f3cios e novas tecnologias de produ\u00e7\u00e3o assim como coordena equipes para aperfei\u00e7oar processos e a log\u00edstica. Elabora os planos de manuten\u00e7\u00e3o de m\u00e1quinas. Define a localiza\u00e7\u00e3o dos setores e dos equipamentos de uma empresa de acordo com as normas t\u00e9cnicas e de seguran\u00e7a. Acompanha a qualidade dos processos e dos produtos, al\u00e9m de definir como ser\u00e1 feito o descarte de res\u00edduos industriais, segundo a pol\u00edtica ambiental. Est\u00e1 mais focado na gest\u00e3o, enquanto o tecn\u00f3logo em Produ\u00e7\u00e3o Industrial ocupa-se da parte mais t\u00e9cnica, dos processos produtivos, das m\u00e1quinas e ferramentas. Os cursos s\u00e3o oferecidos em unidades localizadas em importantes polos industriais de S\u00e3o Paulo.\u00a0<a href=\"http:\/\/fateccotia.educacao.ws\/?page_id=304\">Saiba mais \ud83e\udc6a<\/a><\/p><h3 class=\"page-header\">Ci\u00eancia de Dados<\/h3><p><strong>O que o profissional faz<\/strong>\u00a0O tecn\u00f3logo em Ci\u00eancia de Dados modela solu\u00e7\u00f5es de problemas, aplicando algoritmos de aprendizagem de m\u00e1quina e t\u00e9cnicas estat\u00edsticas para an\u00e1lise de dados para apoiar a tomada de decis\u00e3o nas organiza\u00e7\u00f5es. Utiliza uma abordagem cient\u00edfica para resolu\u00e7\u00e3o dos problemas de gest\u00e3o. Cria aplica\u00e7\u00f5es para coletar, preparar, misturar, visualizar, explorar e analisar grande quantidade de dados, com o objetivo de buscar padr\u00f5es e identificar tend\u00eancias para que as organiza\u00e7\u00f5es tomem decis\u00f5es de neg\u00f3cio baseadas em fatos e n\u00fameros. Apoia os gestores na solu\u00e7\u00e3o de problemas com uso de diversas tecnologias de modelagem orientada a dados.\u00a0<a href=\"http:\/\/fateccotia.educacao.ws\/?page_id=306\">Saiba mais \ud83e\udc6a<\/a><\/p><h3 class=\"page-header\">Desenvolvimento de Software Multiplataforma<\/h3><p><strong>O que o profissional faz<\/strong>\u00a0O tecn\u00f3logo em Desenvolvimento de Software Multiplataforma projeta, desenvolve e testa software para m\u00faltiplas plataformas, aplica\u00e7\u00f5es em Nuvem e Internet das Coisas. Seleciona e aplica conceitos, m\u00e9todos e tecnologias de Linguagens de Programa\u00e7\u00e3o, Banco de Dados, Engenharia de Software, Seguran\u00e7a da Informa\u00e7\u00e3o e Intelig\u00eancia Artificial, propondo solu\u00e7\u00f5es tecnol\u00f3gicas. Realiza an\u00e1lise estat\u00edstica de dados para apoiar a tomada de decis\u00e3o. Coordena projetos e equipes de desenvolvimento de software.\u00a0<a href=\"http:\/\/fateccotia.educacao.ws\/?page_id=308\">Saiba mais \ud83e\udc6a<\/a><\/p><h3 class=\"page-header\">Design de Produto<\/h3><p><strong>O que o profissional faz<\/strong>\u00a0Pesquisa e desenvolve produtos industriais, integrando equipes multidisciplinares de desenvolvimento de produtos. Desenha e modela produtos aplicando t\u00e9cnicas manuais e digitais de desenvolvimento de produto. Elabora modelos e prot\u00f3tipos para testes industriais e experi\u00eancia do consumidor. Domina plenamente os conceitos est\u00e9ticos, hist\u00f3ricos, culturais, industriais e funcionais do design de produto.\u00a0<a href=\"http:\/\/fateccotia.educacao.ws\/?page_id=310\">Saiba mais \ud83e\udc6a<\/a><\/p><h3 class=\"page-header\">Com\u00e9rcio Exterior<\/h3><p><strong>O que o profissional faz<\/strong>\u00a0O tecn\u00f3logo em Com\u00e9rcio Exterior planeja as atividades internacionais de uma empresa: identifica novos mercados, define estrat\u00e9gias de atua\u00e7\u00e3o, gerencia as opera\u00e7\u00f5es de importa\u00e7\u00e3o e exporta\u00e7\u00e3o, realiza negocia\u00e7\u00f5es, efetua e controla compras e vendas internacionais de produtos e servi\u00e7os de uma empresa. \u00c9 respons\u00e1vel ainda pela documenta\u00e7\u00e3o e contratos dessas atividades, al\u00e9m das tratativas com fornecedores e compradores estrangeiros, prestadores de servi\u00e7o, alf\u00e2ndegas, aeroportos e portos. Tamb\u00e9m analisa o mercado de c\u00e2mbio e op\u00e7\u00f5es de transporte (rodovi\u00e1rio, aerovi\u00e1rio, ferrovi\u00e1rio, aquavi\u00e1rio) para redu\u00e7\u00e3o de custos. Est\u00e1 apto para ocupar um cargo de gest\u00e3o, pois tem uma vis\u00e3o ampla de toda a cadeia do com\u00e9rcio exterior. O registro das opera\u00e7\u00f5es de com\u00e9rcio exterior de servi\u00e7o tem sido cada vez mais requisitado. Hospedagens de turistas estrangeiros e contrata\u00e7\u00e3o de empresas de fora do Brasil para montagem de equipamentos importados, por exemplo, movimentam os fluxos de entrada e sa\u00edda de divisas do Pa\u00eds. O desenvolvimento e o registro das atividades de exporta\u00e7\u00e3o e importa\u00e7\u00e3o de servi\u00e7os no Brasil abrem um novo campo de trabalho para o tecn\u00f3logo em Com\u00e9rcio Exterior.\u00a0<a href=\"http:\/\/fateccotia.educacao.ws\/?page_id=312\">Saiba mais \ud83e\udc6a<\/a><\/p>\t\t\t\t\t\t<\/div>\n\t\t\t\t<\/div>\n\t\t\t\t\t<\/div>\n\t\t\t\t<\/div>\n\t\t\t\t\t\t\t<\/div>\n\t\t","protected":false},"excerpt":{"rendered":"<p>Gest\u00e3o Empresarial O que o profissional faz\u00a0O tecn\u00f3logo em Gest\u00e3o Empresarial atua no planejamento de atividades e recursos, na organiza\u00e7\u00e3o do trabalho e na gest\u00e3o de pessoas \u2013 quem \u00e9 respons\u00e1vel por determinada fun\u00e7\u00e3o, como deve ser o desempenho etc. Controla as atividades e monitora o cumprimento das tarefas. O profissional precisa ter a vis\u00e3o [&hellip;]<\/p>\n","protected":false},"author":1,"featured_media":0,"parent":0,"menu_order":0,"comment_status":"closed","ping_status":"closed","template":"","meta":{"footnotes":""},"_links":{"self":[{"href":"http:\/\/fateccotia.educacao.ws\/index.php?rest_route=\/wp\/v2\/pages\/38"}],"collection":[{"href":"http:\/\/fateccotia.educacao.ws\/index.php?rest_route=\/wp\/v2\/pages"}],"about":[{"href":"http:\/\/fateccotia.educacao.ws\/index.php?rest_route=\/wp\/v2\/types\/page"}],"author":[{"embeddable":true,"href":"http:\/\/fateccotia.educacao.ws\/index.php?rest_route=\/wp\/v2\/users\/1"}],"replies":[{"embeddable":true,"href":"http:\/\/fateccotia.educacao.ws\/index.php?rest_route=%2Fwp%2Fv2%2Fcomments&post=38"}],"version-history":[{"count":22,"href":"http:\/\/fateccotia.educacao.ws\/index.php?rest_route=\/wp\/v2\/pages\/38\/revisions"}],"predecessor-version":[{"id":527,"href":"http:\/\/fateccotia.educacao.ws\/index.php?rest_route=\/wp\/v2\/pages\/38\/revisions\/527"}],"wp:attachment":[{"href":"http:\/\/fateccotia.educacao.ws\/index.php?rest_route=%2Fwp%2Fv2%2Fmedia&parent=38"}],"curies":[{"name":"wp","href":"https:\/\/api.w.org\/{rel}","templated":true}]}}